 -5*g + 2*g. Suppose 0 = -5*c - i + 18, 0 = 4*c - 3*i - i. Let d(n) = -n + n**c + 6*n**2 + 7*n - 6 - n - 1. Determine d(g).
-7
Let u = 0 + -1. Let f(c) = c - c + 0 - c + 1. Determine f(u).
2
Let r(s) = 2*s**2 + s. Let b be r(-2). Suppose -2*y = y - b. Let i(h) = y*h + 4 - h**3 + 0*h**3 - 3. Calculate i(-1).
0
Let k(o) = -o**3 - 5*o**2 - 5*o - 4. Suppose 0*b - 51 = -3*b. Let a = 13 - b. Calculate k(a).
0
Let g(i) be the first derivative of i**6/120 + i**5/15 + 5*i**3/6 - 2*i**2 - 1. Let c(l) be the second derivative of g(l). What is c(-4)?
5
Let a(t) = -8 + 4*t - 4 + 8. Calculate a(4).
12
Let q(u) = -3*u**3 + 4*u**2 - 7. Let n(x) = -2*x**3 + 3*x**2 - x - 6. Let g = -11 + 8. Let z(v) = g*q(v) + 4*n(v). Let t be (-7)/(-28) - 9/4. Give z(t).
-3
Suppose 0 = u - 0*u - 3. Let t(m) = 3*m**u - 4*m**3 - m + 8*m**2 + 0*m**2 - 4*m**2 - 2. Calculate t(3).
4
Let g(q) = 2*q**2 + q**2 + 1 - 6*q**2. Let a = -112 - -110. What is g(a)?
-11
Let z = 11 - 2. Let l = 13 - z. Let o(s) = -2*s + 1. What is o(l)?
-7
Let a(r) = -2*r - 26. Let n(k) = k + 13. Let f(z) = -2*a(z) - 5*n(z). Determine f(-6).
-7
Let m(p) = -2*p - 14*p**2 - 5 - 1 + 5. Let k be (-3 + 0 + 4)*-1. Calculate m(k).
-13
Let q be 4/(-20) - 87/15. Let d(r) = 0*r - 3 + 0*r - r. What is d(q)?
3
Suppose 4*d - 42 = -50. Let v(l) = 9*l**2 - l - 7. Let z(i) = -4*i**2 + 3. Let o(s) = -2*v(s) - 5*z(s). What is o(d)?
3
Suppose -2*v + 8 = 2. Suppose v*l - 6 = -18. Let z(y) = 5 + 0*y**2 + y**2 - 2*y**2 - y. Determine z(l).
-7
Suppose 0 = -4*p + 5 + 3. Let a(w) = 2*w**p + w + 0 + 1 + 1. Calculate a(-2).
8
Let r = -8 + 2. Let w = -3 - r. Let l be (w/9*0)/2. Let n(s) = s. What is n(l)?
0
Let b = 6 - -1. Let v = b + -4. Let w(z) = -z**v + 3*z - z**2 + 7 - 5*z + 3*z. Give w(0).
7
Let i be -10 + 11 + 0 + 0. Let q(a) = 6*a**2. Calculate q(i).
6
Let z(f) = -f**3 + 5*f**2 - 7*f + 6. Let m be z(4). Let a(x) be the third derivative of 2/3*x**3 + 2*x**2 + 0*x + 0 + 1/24*x**4. What is a(m)?
-2
Let a(r) be the second derivative of r**3/6 - 4*r**2 - 4*r. Give a(6).
-2
Let d be 2/(-9) + (-2)/(-9). Let m(l) be the first derivative of l**4/4 + l**3/3 + 2*l**2 - 9*l + 4. Let v(i) = -i. Let x(k) = m(k) + 5*v(k). Give x(d).
-9
Let z(l) = -l**3 - 5*l**2 - l. Suppose 2*k - 3*k + 2 = 0. Suppose -4*r + 18 = -k. Let g = -10 + r. Calculate z(g).
5
Suppose -5*o = -4*f - 22, -5*f - 19 = o - 6. Let z(v) = -v - 3*v**2 - 4 + 3 + 4*v**o. Let c(b) = b - 9. Let n be c(7). Give z(n).
5
Let s(f) = -6*f**3 - 7*f**3 + 0 + 14*f**3 + 4*f + 8*f**2 - 2. Determine s(-7).
19
Let h be 2 - (3/9)/(2/(-18)). Let c(w) = -7*w**3 - 5*w + 2*w**2 - 4 - 3 + 4*w**2. Let d(v) = -6*v**3 + 6*v**2 - 5*v - 6. Let x(l) = -5*c(l) + 6*d(l). Give x(h).
-1
Let u(j) = -j**2 + 8*j + 11. Let a be u(9). Let f(q) = 2*q - 5 - 2*q - a - 2*q. Calculate f(-5).
3
Let h be (8/6)/((-7)/(-21)). Let p(c) = -c**2 + 9*c - 4. What is p(h)?
16
Suppose 0 = -i + 5*u - 11 + 35, 3*i + 3*u = 0. Suppose -4*s - 5 = -s + k, 3*s + 20 = -i*k. Let c(a) = -a**3 + a - 4. Determine c(s).
-4
Suppose 5*f + 12 = -13. Let y(z) be the first derivative of -1/3*z**3 - 2*z**2 + 2*z - 2. Calculate y(f).
-3
Let u(n) = n - 2. Let k(x) = 3*x + 4. Let l(d) = 6*d + 7. Let b(c) = 5*k(c) - 3*l(c). Let s be 3/(-2)*(-4)/(-6). Let h be b(s). Calculate u(h).
0
Let p(m) = 7*m + m**2 - 7*m - 6*m - 2 + 5. Give p(5).
-2
Let h = -6 - -4. Let m(b) be the first derivative of 0*b**2 - 2 - b - 2/3*b**3. Give m(h).
-9
Let k(t) = -155*t**2 + 2 + 78*t**2 + 9*t + 78*t**2. What is k(-7)?
-12
Suppose -2*h = -h. Suppose 4*c - 12 + h = 0. Suppose 6*n + c = 5*n. Let s(y) = y**2 + 2*y - 2. Determine s(n).
1
Let r be ((-12)/(-8))/((-6)/(-20)). Let g(s) = -s + 5 - 5 - 3 + 5. Calculate g(r).
-3
Let d(h) = -3*h**2 - 5*h - 4. Let c = -19 - -15. Give d(c).
-32
Let b(j) = -j + 7. Let c(s) = -2*s + 7. Let d(v) = -4*b(v) + 3*c(v). Let o(m) = -m - 3. Let h(y) = 2*d(y) - 5*o(y). Calculate h(3).
4
Suppose 0 = h - 1, 3*s + 3*h = 5*h - 17. Let l(a) = 4*a**3 + 42*a - 36*a + 6*a**2 - 3*a**3 + 7. Give l(s).
2
Let t(p) = p**3 + 5*p**2 + 4. Let g(n) = 2*n + 7. Let v be -5*((-16)/(-5) - 2). Let y be g(v). What is t(y)?
4
Let h be (-2)/(-7) + (-24)/(-14). Let o(f) = 5 + 2*f + f**2 - 4 + f + 0*f**h. Calculate o(-4).
5
Suppose 5*m = 20, -3*m + 8 = 2*u - m. Let n = 6 + -4. Let d = u + n. Let p(a) = -5*a. What is p(d)?
-10
Let u(m) = -3*m + 1. Let o be 2/(-6) + 26/(-39). Let l be u(o). Let n(d) = d**3 - 3*d**2 - 2*d - 1. Calculate n(l).
7
Let m(h) = 4*h**3 - 2*h**2 + 4*h - 5. Let p(v) = v**3 + v**2 - v. Let o(k) = -m(k) + 3*p(k). Calculate o(4).
-7
Let m = -13 - -17. Let p be ((-18)/9)/((-2)/m). Let z(u) = 2*u + 1. Calculate z(p).
9
Let z(d) = -d**2 + 5*d - 1. Suppose 3*t = 2*t - 2. Let c(m) = -m**3 + 3*m + 1. Let s be c(t). Calculate z(s).
5
Let i = 0 + -1. Let d be 2*i*2/(-4). Let s be d*(0 - (3 - 2)). Let v(n) = -7*n**2. Determine v(s).
-7
Let f(x) = -x**2 - 2*x. Let z be f(-2). Let q(j) = z*j - j + j - j + j**2 - 4. Give q(3).
2
Let u be (-40)/(-12) - 1/3. Suppose 0 = 5*h - 4*s + 60, -u*h - 5*s + 17 = -2*h. Let j be ((-6)/h)/(1/4). Let f(b) = -b**3 + 2*b**2 + b - 1. Give f(j).
-7
Let d(h) = -h**2 - 6. Let b be 152/32 + 1/4. Let g = b - 5. Determine d(g).
-6
Let r(p) be the first derivative of -p**3/3 + p**2 - 6*p - 1. Suppose -9*f - 44 = -20*f. Determine r(f).
-14
Let j(w) = -w**3 + 7*w**2 - 6*w + 8. Let f be j(6). Let q = -5 + f. Let z(k) = -k + 4. Give z(q).
1
Suppose 5*i - 10 = -0*i + 4*z, -3*i + 6 = z. Suppose 6 + i = -4*g. Let n(q) = -2*q**2 + 3*q - 2 - 3*q - 3*q. What is n(g)?
-4
Suppose -3*c - 2 = 4. Let a be c*(1 - 2) - 7. Let x(b) = -b + 1. Give x(a).
6
Suppose 0 = -2*r - 4*m + 18, 0*m = 2*r - 3*m + 3. Let u(y) = -4*y - r - y + 4. What is u(1)?
-4
Suppose 4*k + 0*k = -12. Let o(i) = -i**3 - 4*i**2 - 4*i - 4. Give o(k).
-1
Let y(r) = 4*r**3 + 11*r**2 + 9*r + 1. Let j(z) = -z**3 - 3*z**2 - 2*z. Let c(v) = 9*j(v) + 2*y(v). What is c(-4)?
-14
Let v = -3 + 8. Let r = v - 9. Let f = 4 + r. Let y(u) = u - 6. Give y(f).
-6
Let u(i) = -28*i**3 + 8*i**2 - i + 6. Let v(n) = -13*n**3 + 4*n**2 + 3. Let k(x) = -6*u(x) + 13*v(x). Let l be 13/3 + 4/6. What is k(l)?
8
Let a(w) = -w**3 - 6*w**2 - 6*w - 2. Let h be a(-5). Let m(j) = j**2 - 5*j - 2. Let v(f) = f**2 - 6*f - 3. Let n(o) = h*m(o) - 2*v(o). Give n(3).
0
Let n(c) = 8*c + 1. Let q(g) = -2*g + 7. Let h = 9 + -6. Let v be q(h). Give n(v).
9
Let t(k) = 0*k**3 - 8*k + 11*k**3 - 7 + 7*k**2 - 10*k**3. Calculate t(-8).
-7
Let t(r) = r**2 + 8*r + 1. Let f be ((-6)/4)/((-6)/(-28)). Calculate t(f).
-6
Let g(v) = 21*v + 21. Let i(b) = 4*b + 4. Let q(m) = -2*g(m) + 11*i(m). Calculate q(-5).
-8
Suppose -5*q + 10 + 20 = 0. Suppose q*f - f + 5 = 0. Let c(h) = h**3 - h**2 + 1. Give c(f).
-1
Let t be 2 + -3 - (-2)/(-1). Let w be (2/(-5))/(t/(-30)). Let o(x) = -2*x + 1 + 3*x**2 + 4 - 4*x**2. Calculate o(w).
-3
Let m(l) be the first derivative of -l**2 + 3*l + 24. Give m(-5).
13
Suppose -4*b = -5*b - 3. Let z(x) = -x**2 - 5*x - 4. Give z(b).
2
Let x(n) = -n - 5*n + 2 + 4*n - 3*n. Determine x(-2).
12
Let p(k) = 0*k + k + 3*k - 2 + 6. Calculate p(-6).
-20
Let w(m) be the second derivative of -m**4/12 + 2*m**3/3 + m**2/2 + 2*m. Suppose 0*h - 4*i = -4*h - 8, h + 7 = 2*i. What is w(h)?
4
Let v(d) = -2*d**2 - 2*d - 1. Let h(q) = 2*q**2 + 2*q + 2. Let b(g) = -2*h(g) - 3*v(g). Let y(z) be the first derivative of b(z). What is y(-2)?
-6
Let o(b) = -b**2 - 5*b + 6. Let c(a) = 6*a + 10. Let s(y) = -y - 2. Let x(k) = -2*c(k) - 11*s(k). Let z be x(7). Determine o(z).
6
Let j(a) = -2*a. Let r be j(-1). Suppose 0 = 5*c - 10, -r*c + 3*c = -3*w + 5. Let b(q) = -2 + 3 - 2 + 10*q**2. Calculate b(w).
9
Let n(v) be the third derivative of v**6/120 - 7*v**5/60 - 7*v**4/24 - 5*v**3/6 - 65*v**2. Let d(u) = 2*u**2 - 6*u. Let c be d(4). Give n(c).
3
Let u(v) be the first derivative of v**2/2 - v + 1. Let f be ((-1)/(-3))/((-2)/(-30)). Determine u(f).
4
Let v(t) = t + 1. Let d(z) = 5. Let k(h) = -d(h) - 2*v(h). Let l be ((-8)/10)/(4/(-10)). Let i(p) = -3*p + 1. Let x be i(l). Calculate k(x).
3
Let v(o) = 2*o. Let a(q) = 2*q**3 - 6*q**2 + q - 3. Let h be a(3). Suppose -12 = -3*b, n - 5*b + 19 = -h*n. Calculate v(n).
2
Let f(g) = g**3 - 3*g**2 + 10*g - 2. Let x(v) = -v**3 + 2*v**2 - 11*v + 2. Let l(a) = 4*f(a) + 3*x(a). What is l(5)?
8
Let c(t) = t**3 - 14*t**2 